i) + n(i). Let f = -338 - -342. What are the prime factors of r(f)?
3
Suppose 8 - 33 = -5*j. Suppose j*h = 35*h - 12690. List the prime factors of h.
3, 47
Let v = -13116 + 19136. List the prime factors of v.
2, 5, 7, 43
Suppose 7672 = -295*n + 297*n - 2*r, -4*r = 16. List the prime factors of n.
2, 479
Suppose -5*p - 12*w + 49 = -10*w, -4*w + 32 = 4*p. Let f = -7 + p. Suppose -2*d - f*r + 8 = 0, -d = r - 2*r - 1. What are the prime factors of d?
2
Suppose -13*y + 1475 = -10043. Suppose 0 = -2*p + 4*g + 942, -3*g + y = 2*p - 56. What are the prime factors of p?
3, 157
Let q(s) be the second derivative of -11*s**5/20 - s**4/12 + s**3 + 11*s**2 - s - 1. What are the prime factors of q(-4)?
2, 7
Let k(n) = 4*n**3 + 119*n**2 - 49*n - 44. List the prime factors of k(-26).
2, 3, 5, 379
Let b = 83 + -85. Let o be ((-80)/b - 3) + (0 - -4). Suppose -o*t + 120 = -36*t. What are the prime factors of t?
2, 3
Suppose -2*c = -3*l - 9, 0 = -2*c - 2*l + 4*l + 6. Suppose -4*p + 4*t + 2260 = c, 2*t + 5 = -5. What are the prime factors of p?
2, 5, 7
Suppose 3*w + 66 + 21 = 0. Let o = 79 + w. List the prime factors of o + ((-18)/42 - 24/(-7)).
53
Suppose 896 = -4*j - 0*j. Let p be (-135)/6*260/(-15). Let t = p + j. List the prime factors of t.
2, 83
Let q(n) = n**2 + n - 14. Let x be q(-5). Suppose 439 + 323 = x*l. Let k = 284 - l. List the prime factors of k.
157
Let a(x) = 2*x**3 + 68*x**2 + 24*x + 22. List the prime factors of a(-14).
2, 53, 71
Suppose 5*x - 4088 = -2*p + 28881, 0 = 3*p - 5*x - 49366. What are the prime factors of p?
3, 11, 499
Suppose -5*f = -2*m + 18718, -3*f + 6*f - 46733 = -5*m. What are the prime factors of m?
9349
Suppose 0 = 108*p - 380340 - 1647734 - 880690. List the prime factors of p.
23, 1171
Let l(z) = -32*z + 18. Let y = 19 - 24. What are the prime factors of l(y)?
2, 89
Let q(m) = -m - 3*m**2 + 2 + 5*m + 21*m**3 - 6 + m. Suppose -4*u - 3*k = -2, 2*k - 6 = -3*u - 2*u. List the prime factors of q(u).
2, 3
Let d = 65 + -58. Suppose d*h = 706 + 3130. What are the prime factors of h?
2, 137
Let y(i) = 33*i - 129. Let v be y(4). Suppose 2327 - 853 = 5*w + c, -v*c = -2*w + 576. What are the prime factors of w?
2, 3, 7
Let a(m) = 12*m - 144. Let q = -706 - -724. List the prime factors of a(q).
2, 3
Suppose 2*c = -2*k + 28112, -2*c = 173 - 177. List the prime factors of k.
2, 7027
Let x be 2/6*24 - 8. Let h = 12 - 6. What are the prime factors of (2 - x)/h*564/4?
47
Let t(s) = 40*s**2 - 5*s + 1. Let h(c) = -c**2 - 2*c + 1. Let d be h(-1). Suppose d*j = 5*j - 6. What are the prime factors of t(j)?
151
Let m = 2018 - -4724. What are the prime factors of m?
2, 3371
Suppose -y + 15 = -3. Suppose -q = -m - 3, m = -5*q + 5*m + 18. What are the prime factors of y/q + 30*(-10)/(-4)?
2, 3, 13
Suppose 3*o - 10485 = 2*j, -2*j - 17483 = -59*o + 54*o. List the prime factors of o.
3499
Suppose 320 = 3*l - 13*l. What are the prime factors of l/176 - ((-10401)/33 + 1)?
2, 157
Suppose -f + 6*g - 2*g = -10, f - 8 = 2*g. What are the prime factors of (-20)/f + 3 - (-5100)/18?
283
Let c be (-4)/(-18) + (2492/18)/7. List the prime factors of ((-2430)/c)/((-1)/2).
3
Let o = -13393 + 31734. List the prime factors of o.
18341
What are the prime factors of (16/((-128)/(-26230)))/(3/12)?
5, 43, 61
Suppose -x - 5*h = -2, -3*x + h + 62 = 2*x. Let d(u) = u**2 - x + 16 + 6*u**2 - 5*u. What are the prime factors of d(3)?
2, 13
Let d(v) = 28*v**2 - 10*v - 150. What are the prime factors of d(16)?
2, 3, 127
Let b(m) = 6*m**2 + 154*m + 2710. List the prime factors of b(-66).
2, 9341
Suppose 60*k = 22*k - 380. List the prime factors of (52/k)/((-16)/1960).
7, 13
Let l = 31065 + -19790. What are the prime factors of l?
5, 11, 41
Let d(g) = 2827*g - 1477. What are the prime factors of d(8)?
21139
Let b(u) = u**3 + 7*u**2 - 11*u + 8. Let a(m) = 3*m + 22. Let y be a(-5). Let f be 3/(6/y)*(-2 + 0). List the prime factors of b(f).
5, 17
Let d(m) be the third derivative of 0*m - 5*m**2 - 5/6*m**3 + 1/6*m**4 + 0. What are the prime factors of d(5)?
3, 5
Let a be (-1)/(12/(-450)*(-1)/(-6)). Let f = 168 + a. List the prime factors of f.
3, 131
Let z(s) = 22*s**2 - 18*s. Suppose 8 = 2*c - 4. What are the prime factors of z(c)?
2, 3, 19
Let o(r) = 3*r**2 - 10*r - 45. Let b = -50 + 73. List the prime factors of o(b).
2, 41
Let d(f) = -26*f + 78. Let s(v) = 9*v + 121. Let n be s(-17). List the prime factors of d(n).
2, 5, 7, 13
Let t(k) = 14 + 26 + 3*k + 25 + 4*k. List the prime factors of t(17).
2, 23
Let w = 1134 + 2486. What are the prime factors of w?
2, 5, 181
Let z(d) = 16*d**2 + 1087*d + 2. List the prime factors of z(-108).
2, 5, 7, 23, 43
Suppose 11*g - 347 + 292 = 0. Let n = 549 + -369. Suppose 0 = -g*k + 9*k - n. List the prime factors of k.
3, 5
Suppose 169811 = -46*z + 750837. What are the prime factors of z?
17, 743
Suppose 16*i + 3*m + 34660 = 21*i, 0 = -4*m - 20. What are the prime factors of i?
13, 41
Let p = -1005 - -1753. Suppose 0*k - 3*k + 2*o + p = 0, 751 = 3*k + o. What are the prime factors of k?
2, 5
Let b(h) = h**2 + 12*h + 11. Let p be b(7). Let x = p + -100. List the prime factors of 1960/11 + (8/x)/(-1).
2, 89
Let m(u) = -4*u**3 - 37*u**2 - 19*u - 11. Let l(f) = -17*f**3 - 149*f**2 - 74*f - 44. Let q(c) = -2*l(c) + 9*m(c). List the prime factors of q(-17).
7, 13
Let m be (2618/28)/((-1)/(-350)). Suppose -9*b = -34*b + m. List the prime factors of b.
7, 11, 17
What are the prime factors of 8209 - (54/15)/(12/30)?
2, 5, 41
Suppose 9*z = 14*z. Suppose m - 4*m = 3*j + 363, 5*m - 4*j + 605 = z. Let i = -54 - m. List the prime factors of i.
67
Suppose -11997*b = -11984*b - 158158. List the prime factors of b.
2, 7, 11, 79
Let n(s) = 4*s**3 - 89*s**2 - 108*s + 15. What are the prime factors of n(28)?
83, 181
Suppose -4*o - 2*u = -100320 - 158662, -3*o = -5*u - 194243. List the prime factors of o.
2, 3, 11, 109
Suppose -5*h + 996 = -429. Let w = h - 181. List the prime factors of w.
2, 13
Let r(m) = -13*m**2 + 3*m - 52. Let b be r(5). Let q(s) = 2*s**3 + s**2 - 3*s + 15. Let g be q(-5). Let w = g - b. What are the prime factors of w?
167
Let m = 117 + -12. Let u = 186 - m. What are the prime factors of u?
3
Suppose 0 = -459*n + 441*n + 115614. What are the prime factors of n?
3, 2141
Let p = 4 + -54. Let v = 89 - p. Let h = -42 + v. What are the prime factors of h?
97
Let x(r) = -109*r + 514. What are the prime factors of x(-23)?
3, 19, 53
Suppose -16*r = -21*r - 10. Let w be 5 - (-1 + r + 4). Suppose -3*l + 5*y = -w - 64, -45 = -2*l + 3*y. List the prime factors of l.
3, 7
Suppose -504 = 4*o + 4*h, 0 = -5*o + 5*h - 603 + 23. Let t = o - -159. List the prime factors of t.
2, 19
Let w be 7 + 0 + -13 + 9. Let n(k) = w - 8*k**2 + 3*k**3 + 10*k - 14 + 3*k**2 - 2*k**3. List the prime factors of n(6).
5, 17
Suppose 3*j - 99 = 5*x, x + x - 4*j = -34. Let u be (((-4)/6)/(-1))/((-1)/x). List the prime factors of -3 + -4*u/(-4).
11
Let y(r) = 84. Let t(n) = -n + 1. Suppose -5*g = -4*d - 9, 0 = 3*d + 2*g + g. Let v(z) = d*t(z) + y(z). List the prime factors of v(0).
83
Let l(s) = s**3 + 50*s**2 - 55*s + 114. Let j be l(-51). Let m = j + 1110. List the prime factors of m.
2, 3, 7, 17
Suppose -4*a = -9 - 83. Suppose 11*u - a = 12*u. Let s = 130 - u. What are the prime factors of s?
3, 17
Let u(c) = 134*c**3 - 2*c**2 - 66*c + 209. What are the prime factors of u(3)?
23, 157
Let t = -3330 - -3344. What are the prime factors of t?
2, 7
Suppose -264*w + 12360356 = -713980. What are the prime factors of w?
2, 3, 4127
Let f = -910 - -909. Let n(q) = -68*q**3 - 2*q**2 - 2*q - 1. Let m(h) = -67*h**3 - h**2 - h - 1. Let b(a) = 4*m(a) - 3*n(a). What are the prime factors of b(f)?
3, 7
Let q = 33 - 28. Suppose 0 = -q*v + 4 - 29. What are the prime factors of 59 + v/(20/12)?
2, 7
Let t = 20 + 0. List the prime factors of (t*2/32)/((-1)/(-52)).
5, 13
Let b be (6 + (-12)/(-4))/(7 - 4). Suppose 0 = -u + b*h + 294, -2*u + 445 + 99 = 5*h. List the prime factors of u.
2, 3, 47
Suppose -p - 4*d + 7979 = 0, -4*d - 6231 = 4*p - 38159. What are the prime factors of p?
3, 887
List the prime factors of 1/(-13) - (17 + (-539847)/117).
4597
Suppose -6 - 12 = -9*f. Suppose -r = 4*i - 22, -r + 1 = -i + f*r. Suppose 0 = -i*y - 628 + 1718. What are the prime factors of y?
2, 109
Let w(q) = q**3 + 10*q**